{"id":830,"date":"2017-09-26T09:10:29","date_gmt":"2017-09-26T09:10:29","guid":{"rendered":"https:\/\/www.fotomundocolor.com\/web1\/?page_id=830"},"modified":"2017-09-29T12:56:07","modified_gmt":"2017-09-29T12:56:07","slug":"regalos-con-foto","status":"publish","type":"page","link":"https:\/\/www.fotomundocolor.com\/web1\/regalos-con-foto\/","title":{"rendered":"Regalos con foto"},"content":{"rendered":"<p>[et_pb_section bb_built=\u00bb1&#8243; admin_label=\u00bbsection\u00bb background_image=\u00bbhttps:\/\/www.fotomundocolor.com\/web1\/wp-content\/uploads\/2017\/09\/bannerregalosconfoto-1.jpg\u00bb custom_padding=\u00bb32px|0px|6px|0px\u00bb custom_width_percent=\u00bb80px\u00bb _builder_version=\u00bb3.0.63&#8243;][et_pb_row admin_label=\u00bbrow\u00bb custom_width_percent=\u00bb80px\u00bb custom_padding=\u00bb55px|0px|55px|0px\u00bb column_padding_mobile=\u00bbon\u00bb parallax_method_1=\u00bboff\u00bb background_position=\u00bbtop_left\u00bb background_repeat=\u00bbrepeat\u00bb background_size=\u00bbinitial\u00bb _builder_version=\u00bb3.0.63&#8243; background_position_1=\u00bbtop_left\u00bb background_repeat_1=\u00bbno-repeat\u00bb][et_pb_column type=\u00bb4_4&#8243;][et_pb_text admin_label=\u00bbTexto titulo regalos con foto\u00bb background_layout=\u00bblight\u00bb header_font=\u00bb|on||on|\u00bb header_font_size=\u00bb40px\u00bb header_letter_spacing=\u00bb0&#8243; header_line_height=\u00bb1&#8243; text_letter_spacing=\u00bb0&#8243; text_line_height=\u00bb1.7&#8243; background_position=\u00bbtop_left\u00bb background_repeat=\u00bbrepeat\u00bb background_size=\u00bbinitial\u00bb _builder_version=\u00bb3.0.63&#8243; text_orientation=\u00bbcenter\u00bb border_style=\u00bbsolid\u00bb]<\/p>\n<h1>Regalos con foto<\/h1>\n<p>[\/et_pb_text][et_pb_divider color=\u00bb#000000&#8243; show_divider=\u00bbon\u00bb divider_style=\u00bbsolid\u00bb divider_position=\u00bbtop\u00bb divider_weight=\u00bb5px\u00bb hide_on_mobile=\u00bboff\u00bb custom_css_main_element=\u00bbwidth:150px;||margin: 0 auto;\u00bb _builder_version=\u00bb3.0.63&#8243; \/][\/et_pb_column][\/et_pb_row][\/et_pb_section][et_pb_section bb_built=\u00bb1&#8243; admin_label=\u00bbsection\u00bb][et_pb_row admin_label=\u00bbrow\u00bb background_position=\u00bbtop_left\u00bb background_repeat=\u00bbrepeat\u00bb background_size=\u00bbinitial\u00bb][et_pb_column type=\u00bb4_4&#8243;][et_pb_text admin_label=\u00bbTexto descripcion\u00bb text_orientation=\u00bbcenter\u00bb header_font_size=\u00bb30&#8243; header_letter_spacing=\u00bb0&#8243; header_line_height=\u00bb1&#8243; text_font_size=\u00bb22&#8243; text_letter_spacing=\u00bb0&#8243; text_line_height=\u00bb1.7&#8243; background_position=\u00bbtop_left\u00bb background_repeat=\u00bbrepeat\u00bb background_size=\u00bbinitial\u00bb _builder_version=\u00bb3.0.63&#8243; background_layout=\u00bblight\u00bb border_style=\u00bbsolid\u00bb]<\/p>\n<p>Si quieres hacer un regalo y no sabes que comprar, los regalos con foto personalizados son la opci\u00f3n m\u00e1s segura para triunfar. Personalizar un objeto cotidiano como una taza o una alfombrilla de rat\u00f3n con alguna im\u00e1gen entra\u00f1able o divertida es garant\u00eda de \u00e9xito.<\/p>\n<p>[\/et_pb_text][\/et_pb_column][\/et_pb_row][\/et_pb_section][et_pb_section bb_built=\u00bb1&#8243; background_color=\u00bb#f5f5f5&#8243; custom_width_percent=\u00bb80&#8243;][et_pb_row background_position=\u00bbtop_left\u00bb background_repeat=\u00bbrepeat\u00bb background_size=\u00bbinitial\u00bb][et_pb_column type=\u00bb4_4&#8243;][et_pb_text admin_label=\u00bbTexto regalos personalizados\u00bb text_orientation=\u00bbcenter\u00bb header_font_size=\u00bb30&#8243; header_letter_spacing=\u00bb0&#8243; header_line_height=\u00bb1&#8243; text_letter_spacing=\u00bb0&#8243; text_line_height=\u00bb1.7&#8243; background_layout=\u00bblight\u00bb border_width=\u00bb1&#8243; border_style=\u00bbsolid\u00bb text_font=\u00bbMontserrat|on|||\u00bb text_font_size=\u00bb22&#8243; text_font_size_tablet=\u00bb40&#8243; background_position=\u00bbtop_left\u00bb background_repeat=\u00bbrepeat\u00bb background_size=\u00bbinitial\u00bb _builder_version=\u00bb3.0.63&#8243;]<\/p>\n<p><strong>Regalos personalizados<\/strong><\/p>\n<p>[\/et_pb_text][\/et_pb_column][\/et_pb_row][et_pb_row make_fullwidth=\u00bbon\u00bb custom_width_percent=\u00bb80&#8243; parallax_method_1=\u00bboff\u00bb parallax_method_2=\u00bboff\u00bb background_position=\u00bbtop_left\u00bb background_repeat=\u00bbrepeat\u00bb background_size=\u00bbinitial\u00bb _builder_version=\u00bb3.0.63&#8243;][et_pb_column type=\u00bb1_2&#8243;][et_pb_text admin_label=\u00bbTexto descripcion regalos con foto\u00bb header_font_size=\u00bb30&#8243; header_letter_spacing=\u00bb0&#8243; header_line_height=\u00bb1&#8243; text_letter_spacing=\u00bb0&#8243; text_line_height=\u00bb1.7&#8243; background_layout=\u00bblight\u00bb text_orientation=\u00bbleft\u00bb border_width=\u00bb1&#8243; border_style=\u00bbsolid\u00bb background_position=\u00bbtop_left\u00bb background_repeat=\u00bbrepeat\u00bb background_size=\u00bbinitial\u00bb _builder_version=\u00bb3.0.63&#8243; text_font_size=\u00bb22&#8243;]<\/p>\n<p><strong>Regalos originales con foto<\/strong><\/p>\n<p>Disponemos de una gran variedad de art\u00edculos personalizables con foto. Tenemos <a href=\"https:\/\/www.fotomundocolor.com\/web1\/categoria-producto\/regalos-con-foto\/\">regalos con foto<\/a> para cualquier ocasi\u00f3n. Tazas, relojes, llaveros, bolas de nieve, juegos, bolsos, carteras, imanes y adem\u00e1s podemos personalizar casi cualquier producto r\u00edgido de hasta 15 cm de altura. Regale y comparta con sus seres queridos sus fotos m\u00e1s entra\u00f1ables.<\/p>\n<p>[\/et_pb_text][\/et_pb_column][et_pb_column type=\u00bb1_2&#8243;][et_pb_image _builder_version=\u00bb3.0.63&#8243; src=\u00bbhttps:\/\/www.fotomundocolor.com\/web1\/wp-content\/uploads\/2017\/09\/personalizados1.jpg\u00bb show_in_lightbox=\u00bboff\u00bb url=\u00bbhttps:\/\/www.fotomundocolor.com\/web1\/categoria-producto\/regalos-con-foto\/\u00bb url_new_window=\u00bboff\u00bb use_overlay=\u00bboff\u00bb sticky=\u00bboff\u00bb align=\u00bbcenter\u00bb always_center_on_mobile=\u00bbon\u00bb border_style=\u00bbsolid\u00bb force_fullwidth=\u00bboff\u00bb \/][\/et_pb_column][\/et_pb_row][\/et_pb_section][et_pb_section bb_built=\u00bb1&#8243; custom_padding=\u00bb54px|0px|0px|0px\u00bb][et_pb_row make_fullwidth=\u00bbon\u00bb custom_width_percent=\u00bb80&#8243; use_custom_gutter=\u00bbon\u00bb gutter_width=\u00bb1&#8243; parallax_method_1=\u00bboff\u00bb parallax_method_2=\u00bboff\u00bb parallax_method_3=\u00bboff\u00bb parallax_method_4=\u00bboff\u00bb background_position=\u00bbtop_left\u00bb background_repeat=\u00bbrepeat\u00bb background_size=\u00bbinitial\u00bb _builder_version=\u00bb3.0.63&#8243;][et_pb_column type=\u00bb4_4&#8243;][et_pb_text _builder_version=\u00bb3.0.63&#8243; background_layout=\u00bblight\u00bb text_orientation=\u00bbcenter\u00bb border_style=\u00bbsolid\u00bb header_font_size=\u00bb40px\u00bb]<\/p>\n<h2>Regalos mas populares<\/h2>\n<p>[\/et_pb_text][et_pb_shop _builder_version=\u00bb3.0.63&#8243; type=\u00bbproduct_category\u00bb include_categories=\u00bbregalos-con-foto\u00bb columns_number=\u00bb6&#8243; orderby=\u00bbpopularity\u00bb posts_number=\u00bb6&#8243; sale_badge_color=\u00bb#e02b20&#8243; \/][\/et_pb_column][\/et_pb_row][\/et_pb_section]<\/p>\n","protected":false},"excerpt":{"rendered":"<p>[et_pb_section bb_built=\u00bb1&#8243; admin_label=\u00bbsection\u00bb background_image=\u00bbhttps:\/\/www.fotomundocolor.com\/web1\/wp-content\/uploads\/2017\/09\/bannerregalosconfoto-1.jpg\u00bb custom_padding=\u00bb32px|0px|6px|0px\u00bb custom_width_percent=\u00bb80px\u00bb _builder_version=\u00bb3.0.63&#8243;][et_pb_row admin_label=\u00bbrow\u00bb custom_width_percent=\u00bb80px\u00bb custom_padding=\u00bb55px|0px|55px|0px\u00bb column_padding_mobile=\u00bbon\u00bb parallax_method_1=\u00bboff\u00bb background_position=\u00bbtop_left\u00bb background_repeat=\u00bbrepeat\u00bb background_size=\u00bbinitial\u00bb _builder_version=\u00bb3.0.63&#8243; background_position_1=\u00bbtop_left\u00bb background_repeat_1=\u00bbno-repeat\u00bb][et_pb_column type=\u00bb4_4&#8243;][et_pb_text admin_label=\u00bbTexto titulo regalos con foto\u00bb background_layout=\u00bblight\u00bb header_font=\u00bb|on||on|\u00bb header_font_size=\u00bb40px\u00bb header_letter_spacing=\u00bb0&#8243; header_line_height=\u00bb1&#8243; text_letter_spacing=\u00bb0&#8243; text_line_height=\u00bb1.7&#8243; background_position=\u00bbtop_left\u00bb background_repeat=\u00bbrepeat\u00bb background_size=\u00bbinitial\u00bb _builder_version=\u00bb3.0.63&#8243; text_orientation=\u00bbcenter\u00bb border_style=\u00bbsolid\u00bb] Regalos con foto [\/et_pb_text][et_pb_divider color=\u00bb#000000&#8243; show_divider=\u00bbon\u00bb divider_style=\u00bbsolid\u00bb divider_position=\u00bbtop\u00bb divider_weight=\u00bb5px\u00bb hide_on_mobile=\u00bboff\u00bb custom_css_main_element=\u00bbwidth:150px;||margin: 0 auto;\u00bb _builder_version=\u00bb3.0.63&#8243; \/][\/et_pb_column][\/et_pb_row][\/et_pb_section][et_pb_section bb_built=\u00bb1&#8243; admin_label=\u00bbsection\u00bb][et_pb_row admin_label=\u00bbrow\u00bb [&hellip;]<\/p>\n","protected":false},"author":1,"featured_media":0,"parent":0,"menu_order":0,"comment_status":"closed","ping_status":"closed","template":"","meta":{"_et_pb_use_builder":"on","_et_pb_old_content":"","_et_gb_content_width":""},"_links":{"self":[{"href":"https:\/\/www.fotomundocolor.com\/web1\/wp-json\/wp\/v2\/pages\/830"}],"collection":[{"href":"https:\/\/www.fotomundocolor.com\/web1\/wp-json\/wp\/v2\/pages"}],"about":[{"href":"https:\/\/www.fotomundocolor.com\/web1\/wp-json\/wp\/v2\/types\/page"}],"author":[{"embeddable":true,"href":"https:\/\/www.fotomundocolor.com\/web1\/wp-json\/wp\/v2\/users\/1"}],"replies":[{"embeddable":true,"href":"https:\/\/www.fotomundocolor.com\/web1\/wp-json\/wp\/v2\/comments?post=830"}],"version-history":[{"count":5,"href":"https:\/\/www.fotomundocolor.com\/web1\/wp-json\/wp\/v2\/pages\/830\/revisions"}],"predecessor-version":[{"id":885,"href":"https:\/\/www.fotomundocolor.com\/web1\/wp-json\/wp\/v2\/pages\/830\/revisions\/885"}],"wp:attachment":[{"href":"https:\/\/www.fotomundocolor.com\/web1\/wp-json\/wp\/v2\/media?parent=830"}],"curies":[{"name":"wp","href":"https:\/\/api.w.org\/{rel}","templated":true}]}}