{"id":1684,"date":"2018-10-18T12:19:27","date_gmt":"2018-10-18T12:19:27","guid":{"rendered":"https:\/\/www.fotomundocolor.com\/web1\/?post_type=product&#038;p=1684"},"modified":"2020-12-11T09:09:23","modified_gmt":"2020-12-11T09:09:23","slug":"reloj-de-metacrilato","status":"publish","type":"product","link":"https:\/\/www.fotomundocolor.com\/web1\/producto\/reloj-de-metacrilato\/","title":{"rendered":"Reloj de metacrilato sobremesa"},"content":{"rendered":"<p>Un pr\u00e1ctico y elegante reloj de sobremesa para decorar el sal\u00f3n o la oficina para personalizar con texto e im\u00e1genes e impreso con alta calidad en metacrilato tama\u00f1o 15&#215;20 cm .<\/p>\n","protected":false},"excerpt":{"rendered":"<ul>\n<li>Reloj de metacrilato.<\/li>\n<li>Tama\u00f1o 15&#215;20 cm.<\/li>\n<li>Superficie con acabado brillante.<\/li>\n<li>Impresi\u00f3n fotogr\u00e1fica de alta calidad en un \u00e1rea de ~13&#215;18 cm.<\/li>\n<li>Funciona con una pila AA.<\/li>\n<\/ul>\n","protected":false},"featured_media":1686,"comment_status":"open","ping_status":"closed","template":"","meta":{"_et_pb_use_builder":"","_et_pb_old_content":"","_et_gb_content_width":""},"_links":{"self":[{"href":"https:\/\/www.fotomundocolor.com\/web1\/wp-json\/wp\/v2\/product\/1684"}],"collection":[{"href":"https:\/\/www.fotomundocolor.com\/web1\/wp-json\/wp\/v2\/product"}],"about":[{"href":"https:\/\/www.fotomundocolor.com\/web1\/wp-json\/wp\/v2\/types\/product"}],"replies":[{"embeddable":true,"href":"https:\/\/www.fotomundocolor.com\/web1\/wp-json\/wp\/v2\/comments?post=1684"}],"wp:featuredmedia":[{"embeddable":true,"href":"https:\/\/www.fotomundocolor.com\/web1\/wp-json\/wp\/v2\/media\/1686"}],"wp:attachment":[{"href":"https:\/\/www.fotomundocolor.com\/web1\/wp-json\/wp\/v2\/media?parent=1684"}],"curies":[{"name":"wp","href":"https:\/\/api.w.org\/{rel}","templated":true}]}}