{"id":426,"date":"2017-03-03T12:54:53","date_gmt":"2017-03-03T12:54:53","guid":{"rendered":"https:\/\/www.fotomundocolor.com\/web1\/producto\/taza-premium-personalizada\/"},"modified":"2025-04-03T16:29:46","modified_gmt":"2025-04-03T16:29:46","slug":"taza-premium-personalizada","status":"publish","type":"product","link":"https:\/\/www.fotomundocolor.com\/web1\/producto\/taza-premium-personalizada\/","title":{"rendered":"Taza Premium personalizada"},"content":{"rendered":"<p>Taza de porcelana con recubrimiento de alta calidad para personalizar con su im\u00e1gen favorita. La impresi\u00f3n a doble ancho abarca casi la totalidad de la circunferencia.Sus im\u00e1genes m\u00e1s entra\u00f1ables le acompa\u00f1aran en cualquier momento del d\u00eda.<\/p>\n","protected":false},"excerpt":{"rendered":"<ul>\n<li><span style=\"font-family: Arial,Helvetica,sans-serif; font-size: small;\">Taza de porcelana personalizable.<\/span><\/li>\n<li><span style=\"font-family: Arial,Helvetica,sans-serif; font-size: small;\"> Area de impresi\u00f3n de 9,6&#215;18 cm (doble ancho).<\/span><\/li>\n<li><span style=\"font-family: Arial,Helvetica,sans-serif; font-size: small;\">Color Blanco.<\/span><\/li>\n<li><span style=\"font-family: Arial,Helvetica,sans-serif; font-size: small;\">Resistente al<\/span> <span style=\"font-family: Arial,Helvetica,sans-serif; font-size: small;\">lavavajillas y al microondas.<\/span><\/li>\n<\/ul>\n","protected":false},"featured_media":427,"comment_status":"open","ping_status":"closed","template":"","meta":{"_et_pb_use_builder":"","_et_pb_old_content":"","_et_gb_content_width":""},"_links":{"self":[{"href":"https:\/\/www.fotomundocolor.com\/web1\/wp-json\/wp\/v2\/product\/426"}],"collection":[{"href":"https:\/\/www.fotomundocolor.com\/web1\/wp-json\/wp\/v2\/product"}],"about":[{"href":"https:\/\/www.fotomundocolor.com\/web1\/wp-json\/wp\/v2\/types\/product"}],"replies":[{"embeddable":true,"href":"https:\/\/www.fotomundocolor.com\/web1\/wp-json\/wp\/v2\/comments?post=426"}],"wp:featuredmedia":[{"embeddable":true,"href":"https:\/\/www.fotomundocolor.com\/web1\/wp-json\/wp\/v2\/media\/427"}],"wp:attachment":[{"href":"https:\/\/www.fotomundocolor.com\/web1\/wp-json\/wp\/v2\/media?parent=426"}],"curies":[{"name":"wp","href":"https:\/\/api.w.org\/{rel}","templated":true}]}}

<p>Taza de porcelana con recubrimiento de alta calidad para personalizar con su imágen favorita. La impresión a doble ancho abarca casi la totalidad de la circunferencia.Sus imágenes más entrañables le acompañaran en cualquier momento del día.</p>

<ul>
<li><span style="font-family: Arial,Helvetica,sans-serif; font-size: small;">Taza de porcelana personalizable.</span></li>
<li><span style="font-family: Arial,Helvetica,sans-serif; font-size: small;"> Area de impresión de 9,6&#215;18 cm (doble ancho).</span></li>
<li><span style="font-family: Arial,Helvetica,sans-serif; font-size: small;">Color Blanco.</span></li>
<li><span style="font-family: Arial,Helvetica,sans-serif; font-size: small;">Resistente al</span> <span style="font-family: Arial,Helvetica,sans-serif; font-size: small;">lavavajillas y al microondas.</span></li>
</ul>
