{"id":434,"date":"2017-03-06T14:27:03","date_gmt":"2017-03-06T14:27:03","guid":{"rendered":"https:\/\/www.fotomundocolor.com\/web1\/?post_type=product&#038;p=434"},"modified":"2023-01-07T23:13:33","modified_gmt":"2023-01-07T23:13:33","slug":"lapicero-personalizado","status":"publish","type":"product","link":"https:\/\/www.fotomundocolor.com\/web1\/producto\/lapicero-personalizado\/","title":{"rendered":"Lapicero personalizado"},"content":{"rendered":"<div class=\"std\">\n<p>Lapicero personalizado\u00a0 de cer\u00e1mica con recubrimiento de alta calidad para personalizar con su im\u00e1gen favorita. Sus im\u00e1genes m\u00e1s entra\u00f1ables le acompa\u00f1aran en la oficina en cualquier momento del d\u00eda.<\/p>\n<\/div>\n","protected":false},"excerpt":{"rendered":"<ul>\n<li>Lapicero de cer\u00e1mica personalizable<\/li>\n<li>Area de impresi\u00f3n de 9,6&#215;8,5 cm<\/li>\n<li>Color blanco<\/li>\n<li>Excelente durabilidad y resistencia a rayaduras.<\/li>\n<\/ul>\n","protected":false},"featured_media":436,"comment_status":"open","ping_status":"closed","template":"","meta":{"_et_pb_use_builder":"","_et_pb_old_content":"","_et_gb_content_width":""},"_links":{"self":[{"href":"https:\/\/www.fotomundocolor.com\/web1\/wp-json\/wp\/v2\/product\/434"}],"collection":[{"href":"https:\/\/www.fotomundocolor.com\/web1\/wp-json\/wp\/v2\/product"}],"about":[{"href":"https:\/\/www.fotomundocolor.com\/web1\/wp-json\/wp\/v2\/types\/product"}],"replies":[{"embeddable":true,"href":"https:\/\/www.fotomundocolor.com\/web1\/wp-json\/wp\/v2\/comments?post=434"}],"wp:featuredmedia":[{"embeddable":true,"href":"https:\/\/www.fotomundocolor.com\/web1\/wp-json\/wp\/v2\/media\/436"}],"wp:attachment":[{"href":"https:\/\/www.fotomundocolor.com\/web1\/wp-json\/wp\/v2\/media?parent=434"}],"curies":[{"name":"wp","href":"https:\/\/api.w.org\/{rel}","templated":true}]}}