{"id":479,"date":"2017-03-13T11:57:10","date_gmt":"2017-03-13T11:57:10","guid":{"rendered":"https:\/\/www.fotomundocolor.com\/web1\/producto\/iman-fotografico\/"},"modified":"2023-11-08T10:02:02","modified_gmt":"2023-11-08T10:02:02","slug":"iman-fotografico","status":"publish","type":"product","link":"https:\/\/www.fotomundocolor.com\/web1\/producto\/iman-fotografico\/","title":{"rendered":"Im\u00e1n fotogr\u00e1fico"},"content":{"rendered":"<div class=\"std\">\n<p>Cree su propio im\u00e1n magn\u00e9tico con calidad fotogr\u00e1fica para decorar superficies met\u00e1licas como la de su frigor\u00edfico. Impresi\u00f3n en papel fotogr\u00e1fico de alta calidad con capa magn\u00e9tica<\/p>\n<p><!-- [if lt IE 9]&gt;--><\/p>\n<div id=\"page-container\" class=\"et-animated-content\"><\/div>\n<\/div>\n","protected":false},"excerpt":{"rendered":"<ul>\n<li>Impresi\u00f3n en papel fotogr\u00e1fico de alta calidad.<\/li>\n<li>Capa magn\u00e9tica para adherencia a superficies met\u00e1licas.<\/li>\n<li>Excelente durabilidad.<\/li>\n<li>Tama\u00f1os 10&#215;15 , 15&#215;23 y 20&#215;30 a elegir.<\/li>\n<\/ul>\n","protected":false},"featured_media":724,"comment_status":"open","ping_status":"closed","template":"","meta":{"_et_pb_use_builder":"on","_et_pb_old_content":"<div class=\"std\">\r\n\r\nCree su propio im\u00e1n magn\u00e9tico con calidad fotogr\u00e1fica para decorar superficies met\u00e1licas como la de su frigor\u00edfico. Impresi\u00f3n en papel fotogr\u00e1fico de alta calidad con capa magn\u00e9tica\r\n\r\n<!-- [if lt IE 9]&gt;-->\r\n\r\n\r\n<div id=\"page-container\" class=\"et-animated-content\"><\/div>\r\n<\/div>","_et_gb_content_width":""},"_links":{"self":[{"href":"https:\/\/www.fotomundocolor.com\/web1\/wp-json\/wp\/v2\/product\/479"}],"collection":[{"href":"https:\/\/www.fotomundocolor.com\/web1\/wp-json\/wp\/v2\/product"}],"about":[{"href":"https:\/\/www.fotomundocolor.com\/web1\/wp-json\/wp\/v2\/types\/product"}],"replies":[{"embeddable":true,"href":"https:\/\/www.fotomundocolor.com\/web1\/wp-json\/wp\/v2\/comments?post=479"}],"wp:featuredmedia":[{"embeddable":true,"href":"https:\/\/www.fotomundocolor.com\/web1\/wp-json\/wp\/v2\/media\/724"}],"wp:attachment":[{"href":"https:\/\/www.fotomundocolor.com\/web1\/wp-json\/wp\/v2\/media?parent=479"}],"curies":[{"name":"wp","href":"https:\/\/api.w.org\/{rel}","templated":true}]}}

Imán fotográfico

<div class="std">
<p>Cree su propio imán magnético con calidad fotográfica para decorar superficies metálicas como la de su frigorífico. Impresión en papel fotográfico de alta calidad con capa magnética</p>
<p><!-- [if lt IE 9]&gt;--></p>
<div id="page-container" class="et-animated-content"></div>
</div>

<ul>
<li>Impresión en papel fotográfico de alta calidad.</li>
<li>Capa magnética para adherencia a superficies metálicas.</li>
<li>Excelente durabilidad.</li>
<li>Tamaños 10&#215;15 , 15&#215;23 y 20&#215;30 a elegir.</li>
</ul>

<div class="std">

Cree su propio imán magnético con calidad fotográfica para decorar superficies metálicas como la de su frigorífico. Impresión en papel fotográfico de alta calidad con capa magnética

<!-- [if lt IE 9]&gt;-->


<div id="page-container" class="et-animated-content"></div>
</div>
