{"id":588,"date":"2017-03-20T11:06:28","date_gmt":"2017-03-20T11:06:28","guid":{"rendered":"https:\/\/www.fotomundocolor.com\/web1\/producto\/cojin-blanco-satinado-2-caras\/"},"modified":"2022-03-30T16:26:11","modified_gmt":"2022-03-30T16:26:11","slug":"cojin-blanco-satinado-2-caras","status":"publish","type":"product","link":"https:\/\/www.fotomundocolor.com\/web1\/producto\/cojin-blanco-satinado-2-caras\/","title":{"rendered":"Cojin blanco satinado 2 caras"},"content":{"rendered":"<div class=\"product-description\">\n<div class=\"description\">\n<p>Cojin blanco satinado de 40&#215;40 cm impreso a dos caras . Un bonito cojin personalizable con las imagenes y el texto que queramos y que nos acompa\u00f1ar\u00e1 en los momentos de relax en casa. El cojin tiene cremallera y se entrega con el relleno. Impres\u00ed\u00f3n de alta calidad en ambas caras.<\/p>\n<\/div>\n<\/div>\n<p>&nbsp;<\/p>\n","protected":false},"excerpt":{"rendered":"<ul>\n<li>Hecho en poliester satinado.<\/li>\n<li>Tama\u00f1o 40&#215;40 cm de color blanco.<\/li>\n<li>Lavable tanto a mano como a m\u00e1quina<\/li>\n<li>Alta resistencia a los lavados.<\/li>\n<li>Cierre de cremallera.<\/li>\n<li>Impresi\u00f3n de alta calidad en ambas caras.<\/li>\n<\/ul>\n","protected":false},"featured_media":587,"comment_status":"open","ping_status":"closed","template":"","meta":{"_et_pb_use_builder":"","_et_pb_old_content":"","_et_gb_content_width":""},"_links":{"self":[{"href":"https:\/\/www.fotomundocolor.com\/web1\/wp-json\/wp\/v2\/product\/588"}],"collection":[{"href":"https:\/\/www.fotomundocolor.com\/web1\/wp-json\/wp\/v2\/product"}],"about":[{"href":"https:\/\/www.fotomundocolor.com\/web1\/wp-json\/wp\/v2\/types\/product"}],"replies":[{"embeddable":true,"href":"https:\/\/www.fotomundocolor.com\/web1\/wp-json\/wp\/v2\/comments?post=588"}],"wp:featuredmedia":[{"embeddable":true,"href":"https:\/\/www.fotomundocolor.com\/web1\/wp-json\/wp\/v2\/media\/587"}],"wp:attachment":[{"href":"https:\/\/www.fotomundocolor.com\/web1\/wp-json\/wp\/v2\/media?parent=588"}],"curies":[{"name":"wp","href":"https:\/\/api.w.org\/{rel}","templated":true}]}}