{"id":951,"date":"2017-10-02T09:12:30","date_gmt":"2017-10-02T09:12:30","guid":{"rendered":"https:\/\/www.fotomundocolor.com\/web1\/?post_type=product&#038;p=951"},"modified":"2022-06-09T15:04:06","modified_gmt":"2022-06-09T15:04:06","slug":"sesion-de-estudio-basica","status":"publish","type":"product","link":"https:\/\/www.fotomundocolor.com\/web1\/producto\/sesion-de-estudio-basica\/","title":{"rendered":"Sesi\u00f3n de estudio b\u00e1sica"},"content":{"rendered":"<p>Reportajes fotogr\u00e1ficos para embarazadas, beb\u00e9s, bautizo, comuni\u00f3n, familiares, en pareja o reportajes profesionales para modelos. Le asesoramos en estilismo y posado para que, a\u00fan sin experiencia previa, pueda conseguir las mejores instant\u00e1neas. La sesi\u00f3n de estudio b\u00e1sica es muy econ\u00f3mica y v\u00e1lida para todo tipo de eventos.<\/p>\n","protected":false},"excerpt":{"rendered":"<p>La sesi\u00f3n incluye<\/p>\n<ul>\n<li>10 fotograf\u00edas tama\u00f1o 15&#215;20 cm<\/li>\n<li>Pendrive con 10 fotos en alta resoluci\u00f3n<\/li>\n<li>Todos los cambios de vesturario que se deseen<\/li>\n<li>Sin l\u00edmite de tiempo.<\/li>\n<li>Se puede realizar en estudio o exterior.<\/li>\n<\/ul>\n","protected":false},"featured_media":4796,"comment_status":"open","ping_status":"closed","template":"","meta":{"_et_pb_use_builder":"","_et_pb_old_content":"","_et_gb_content_width":""},"_links":{"self":[{"href":"https:\/\/www.fotomundocolor.com\/web1\/wp-json\/wp\/v2\/product\/951"}],"collection":[{"href":"https:\/\/www.fotomundocolor.com\/web1\/wp-json\/wp\/v2\/product"}],"about":[{"href":"https:\/\/www.fotomundocolor.com\/web1\/wp-json\/wp\/v2\/types\/product"}],"replies":[{"embeddable":true,"href":"https:\/\/www.fotomundocolor.com\/web1\/wp-json\/wp\/v2\/comments?post=951"}],"wp:featuredmedia":[{"embeddable":true,"href":"https:\/\/www.fotomundocolor.com\/web1\/wp-json\/wp\/v2\/media\/4796"}],"wp:attachment":[{"href":"https:\/\/www.fotomundocolor.com\/web1\/wp-json\/wp\/v2\/media?parent=951"}],"curies":[{"name":"wp","href":"https:\/\/api.w.org\/{rel}","templated":true}]}}